{"id":8,"date":"2021-06-15T08:13:55","date_gmt":"2021-06-15T08:13:55","guid":{"rendered":"https:\/\/partyservice-esslinger.de\/?page_id=8"},"modified":"2025-06-05T07:24:32","modified_gmt":"2025-06-05T07:24:32","slug":"menuekarte","status":"publish","type":"page","link":"https:\/\/partyservice-esslinger.de\/?page_id=8","title":{"rendered":"Men\u00fckarte"},"content":{"rendered":"<div class=\"fusion-fullwidth fullwidth-box fusion-builder-row-1 fusion-flex-container nonhundred-percent-fullwidth non-hundred-percent-height-scrolling\" style=\"--awb-border-radius-top-left:0px;--awb-border-radius-top-right:0px;--awb-border-radius-bottom-right:0px;--awb-border-radius-bottom-left:0px;--awb-flex-wrap:wrap;\" ><div class=\"fusion-builder-row fusion-row fusion-flex-align-items-flex-start fusion-flex-content-wrap\" style=\"max-width:1248px;margin-left: calc(-4% \/ 2 );margin-right: calc(-4% \/ 2 );\"><div class=\"fusion-layout-column fusion_builder_column fusion-builder-column-0 fusion_builder_column_1_1 1_1 fusion-flex-column\" style=\"--awb-bg-size:cover;--awb-width-large:100%;--awb-margin-top-large:0px;--awb-spacing-right-large:1.92%;--awb-margin-bottom-large:20px;--awb-spacing-left-large:1.92%;--awb-width-medium:100%;--awb-order-medium:0;--awb-spacing-right-medium:1.92%;--awb-spacing-left-medium:1.92%;--awb-width-small:100%;--awb-order-small:0;--awb-spacing-right-small:1.92%;--awb-spacing-left-small:1.92%;\"><div class=\"fusion-column-wrapper fusion-column-has-shadow fusion-flex-justify-content-flex-start fusion-content-layout-column\"><div class=\"fusion-title title fusion-title-1 fusion-sep-none fusion-title-center fusion-title-text fusion-title-size-one\" style=\"--awb-text-color:#d3131d;--awb-margin-top-small:10px;--awb-margin-right-small:0px;--awb-margin-bottom-small:10px;--awb-margin-left-small:0px;\"><h1 class=\"fusion-title-heading title-heading-center fusion-responsive-typography-calculated\" style=\"margin:0;--fontSize:18;--minFontSize:18;line-height:1.16;\">INDIVIDUELL UND PERS\u00d6NLICH<\/h1><\/div><div class=\"fusion-text fusion-text-1\" style=\"--awb-text-transform:none;\"><p style=\"text-align: center;\">Das perfekte Fest ist unsere Leidenschaft.<br \/>\nPers\u00f6nliche Beratung steht f\u00fcr uns dabei an erster Stelle.<br \/>\nGerne erstellen wir Ihnen ein individuelles Angebot, das Ihren Vorstellungen entspricht. Da wir unsere Produkte frisch f\u00fcr Sie und Ihr Fest zubereiten, bitten wir Sie uns Ihre Men\u00fcauswahl sp\u00e4testens 14 Tage und die genaue Personenzahl sp\u00e4testens 7 Tage im Voraus mitzuteilen.<\/p>\n<\/div><div style=\"text-align:right;\"><a class=\"fusion-button button-flat fusion-button-default-size button-custom fusion-button-default button-1 fusion-button-default-span fusion-button-default-type\" style=\"--button_accent_color:#ffffff;--button_accent_hover_color:#ffffff;--button_border_hover_color:#ffffff;--button_gradient_top_color:#d3131d;--button_gradient_bottom_color:#d3131d;--button_gradient_top_color_hover:#5aa86c;--button_gradient_bottom_color_hover:#5aa86c;\" target=\"_blank\" rel=\"noopener noreferrer\" href=\"https:\/\/partyservice-esslinger.de\/wp-content\/uploads\/2025\/06\/Esslinger_Menuekarte_2025.pdf\"><span class=\"fusion-button-text awb-button__text awb-button__text--default\">Download Men\u00fckarte<\/span><\/a><\/div><div class=\"fusion-image-element \" style=\"text-align:center;--awb-margin-top:20px;--awb-margin-bottom:20px;--awb-caption-title-font-family:var(--h2_typography-font-family);--awb-caption-title-font-weight:var(--h2_typography-font-weight);--awb-caption-title-font-style:var(--h2_typography-font-style);--awb-caption-title-size:var(--h2_typography-font-size);--awb-caption-title-transform:var(--h2_typography-text-transform);--awb-caption-title-line-height:var(--h2_typography-line-height);--awb-caption-title-letter-spacing:var(--h2_typography-letter-spacing);\"><span class=\" fusion-imageframe imageframe-none imageframe-1 hover-type-none\"><img decoding=\"async\" width=\"1165\" height=\"39\" title=\"messergabellinie\" src=\"https:\/\/partyservice-esslinger.de\/wp-content\/uploads\/2021\/11\/messergabellinie.jpg\" alt class=\"img-responsive wp-image-143\" srcset=\"https:\/\/partyservice-esslinger.de\/wp-content\/uploads\/2021\/11\/messergabellinie-200x7.jpg 200w, https:\/\/partyservice-esslinger.de\/wp-content\/uploads\/2021\/11\/messergabellinie-400x13.jpg 400w, https:\/\/partyservice-esslinger.de\/wp-content\/uploads\/2021\/11\/messergabellinie-600x20.jpg 600w, https:\/\/partyservice-esslinger.de\/wp-content\/uploads\/2021\/11\/messergabellinie-800x27.jpg 800w, https:\/\/partyservice-esslinger.de\/wp-content\/uploads\/2021\/11\/messergabellinie.jpg 1165w\" sizes=\"(max-width: 640px) 100vw, 1165px\" \/><\/span><\/div><div class=\"fusion-title title fusion-title-2 fusion-sep-none fusion-title-text fusion-title-size-two\" style=\"--awb-text-color:#d0d0d0;--awb-margin-top-small:10px;--awb-margin-right-small:0px;--awb-margin-bottom-small:10px;--awb-margin-left-small:0px;\"><h2 class=\"fusion-title-heading title-heading-left fusion-responsive-typography-calculated\" style=\"margin:0;--fontSize:18;--minFontSize:18;line-height:1.2;\"><p style=\"text-align: center;\">BUFFET F\u00dcR JEDE GELEGENHEIT<\/p><\/h2><\/div><div class=\"fusion-text fusion-text-2\" style=\"--awb-text-transform:none;\"><p style=\"text-align: center;\">Reichhaltiges Salatb\u00fcffet<\/p>\n<p style=\"text-align: center;\">Burgunderbraten an Burgunderso\u00dfe,<br \/>\nPutensteak \u201eNatur\u201c an Champignon-Rahmso\u00dfe,<br \/>\ndazu reichhaltige Gem\u00fcseauswahl,<br \/>\nSp\u00e4tzle, Pommes (vor Ort frittiert),<br \/>\nServiettenkn\u00f6del<\/p>\n<p style=\"text-align: center;\">Apfelku\u0308chle mit Vanilleso\u00dfe<\/p>\n<p style=\"text-align: center;\">pro Person 28,50 \u20ac<\/p>\n<p style=\"text-align: center;\">inkl. 1 Servicekraft fu\u0308r das Buffet vor Ort<\/p>\n<\/div><div class=\"fusion-image-element \" style=\"text-align:center;--awb-margin-top:20px;--awb-margin-bottom:20px;--awb-caption-title-font-family:var(--h2_typography-font-family);--awb-caption-title-font-weight:var(--h2_typography-font-weight);--awb-caption-title-font-style:var(--h2_typography-font-style);--awb-caption-title-size:var(--h2_typography-font-size);--awb-caption-title-transform:var(--h2_typography-text-transform);--awb-caption-title-line-height:var(--h2_typography-line-height);--awb-caption-title-letter-spacing:var(--h2_typography-letter-spacing);\"><span class=\" fusion-imageframe imageframe-none imageframe-2 hover-type-none\"><img decoding=\"async\" width=\"1165\" height=\"39\" title=\"messergabellinie\" src=\"https:\/\/partyservice-esslinger.de\/wp-content\/uploads\/2021\/11\/messergabellinie.jpg\" alt class=\"img-responsive wp-image-143\" srcset=\"https:\/\/partyservice-esslinger.de\/wp-content\/uploads\/2021\/11\/messergabellinie-200x7.jpg 200w, https:\/\/partyservice-esslinger.de\/wp-content\/uploads\/2021\/11\/messergabellinie-400x13.jpg 400w, https:\/\/partyservice-esslinger.de\/wp-content\/uploads\/2021\/11\/messergabellinie-600x20.jpg 600w, https:\/\/partyservice-esslinger.de\/wp-content\/uploads\/2021\/11\/messergabellinie-800x27.jpg 800w, https:\/\/partyservice-esslinger.de\/wp-content\/uploads\/2021\/11\/messergabellinie.jpg 1165w\" sizes=\"(max-width: 640px) 100vw, 1165px\" \/><\/span><\/div><div class=\"fusion-title title fusion-title-3 fusion-sep-none fusion-title-text fusion-title-size-two\" style=\"--awb-text-color:#d0d0d0;--awb-margin-top-small:10px;--awb-margin-right-small:0px;--awb-margin-bottom-small:10px;--awb-margin-left-small:0px;\"><h2 class=\"fusion-title-heading title-heading-left fusion-responsive-typography-calculated\" style=\"margin:0;--fontSize:18;--minFontSize:18;line-height:1.2;\"><p style=\"text-align: center;\">ITALIENISCHES BUFFET<\/p><\/h2><\/div><div class=\"fusion-text fusion-text-3\" style=\"--awb-text-transform:none;\"><p style=\"text-align: center;\">Minestrone oder<br \/>\nTomatencremesuppe mit Basilikum<\/p>\n<p style=\"text-align: center;\">Tomate Mozzarella,<br \/>\nMelone mit Parmaschinken,<br \/>\nVitello Tonnato,<br \/>\ndiverse Antipasti und Salatauswahl<\/p>\n<p style=\"text-align: center;\">\u00bb Piccata milanese \u00ab<br \/>\nin Parmesanhu\u0308lle gebacken<br \/>\nwahlweise von der Pute oder Schwein<\/p>\n<p style=\"text-align: center;\">\u00bb Saltimbocca alla Romana \u00ab<br \/>\nKalbsschnitzel mit Salbei und Parmaschinken<br \/>\ndazu Spaghetti, Risotto und Gemu\u0308seauswahl<\/p>\n<p style=\"text-align: center;\">Mokkacreme, Tiramisu, Limonen-Creme<br \/>\nFruchtsalat und Eisauswahl<\/p>\n<p style=\"text-align: center;\">pro Person 39,50 \u20ac<\/p>\n<\/div><div class=\"fusion-image-element \" style=\"text-align:center;--awb-margin-top:20px;--awb-margin-bottom:20px;--awb-caption-title-font-family:var(--h2_typography-font-family);--awb-caption-title-font-weight:var(--h2_typography-font-weight);--awb-caption-title-font-style:var(--h2_typography-font-style);--awb-caption-title-size:var(--h2_typography-font-size);--awb-caption-title-transform:var(--h2_typography-text-transform);--awb-caption-title-line-height:var(--h2_typography-line-height);--awb-caption-title-letter-spacing:var(--h2_typography-letter-spacing);\"><span class=\" fusion-imageframe imageframe-none imageframe-3 hover-type-none\"><img decoding=\"async\" width=\"1165\" height=\"39\" title=\"messergabellinie\" src=\"https:\/\/partyservice-esslinger.de\/wp-content\/uploads\/2021\/11\/messergabellinie.jpg\" alt class=\"img-responsive wp-image-143\" srcset=\"https:\/\/partyservice-esslinger.de\/wp-content\/uploads\/2021\/11\/messergabellinie-200x7.jpg 200w, https:\/\/partyservice-esslinger.de\/wp-content\/uploads\/2021\/11\/messergabellinie-400x13.jpg 400w, https:\/\/partyservice-esslinger.de\/wp-content\/uploads\/2021\/11\/messergabellinie-600x20.jpg 600w, https:\/\/partyservice-esslinger.de\/wp-content\/uploads\/2021\/11\/messergabellinie-800x27.jpg 800w, https:\/\/partyservice-esslinger.de\/wp-content\/uploads\/2021\/11\/messergabellinie.jpg 1165w\" sizes=\"(max-width: 640px) 100vw, 1165px\" \/><\/span><\/div><div class=\"fusion-title title fusion-title-4 fusion-sep-none fusion-title-text fusion-title-size-two\" style=\"--awb-text-color:#d0d0d0;--awb-margin-top-small:10px;--awb-margin-right-small:0px;--awb-margin-bottom-small:10px;--awb-margin-left-small:0px;\"><h2 class=\"fusion-title-heading title-heading-left fusion-responsive-typography-calculated\" style=\"margin:0;--fontSize:18;--minFontSize:18;line-height:1.2;\"><p style=\"text-align: center;\">FESTLICHES BUFFET<\/p><\/h2><\/div><div class=\"fusion-text fusion-text-4\" style=\"--awb-text-transform:none;\"><p style=\"text-align: center;\">Schw\u00e4bische Festtagssuppe<br \/>\nmit Kl\u00f6\u00dfchen, Maultaschen und Kr\u00e4uterfl\u00e4dle<\/p>\n<p style=\"text-align: center;\">Verschiedene Salate aus der Region<\/p>\n<p style=\"text-align: center;\">Lendchen vom Rind und Schwein in Pfifferling-So\u00dfe<br \/>\ndazu reichhaltige Gemu\u0308seauswahl,<br \/>\nhausgemachte Sp\u00e4tzle und Kartoffelgratin<\/p>\n<p style=\"text-align: center;\">3 verschiedene Mousses im Gl\u00e4schen<\/p>\n<p style=\"text-align: center;\">pro Portion 38,50 \u20ac<\/p>\n<\/div><div class=\"fusion-image-element \" style=\"text-align:center;--awb-margin-top:20px;--awb-margin-bottom:20px;--awb-caption-title-font-family:var(--h2_typography-font-family);--awb-caption-title-font-weight:var(--h2_typography-font-weight);--awb-caption-title-font-style:var(--h2_typography-font-style);--awb-caption-title-size:var(--h2_typography-font-size);--awb-caption-title-transform:var(--h2_typography-text-transform);--awb-caption-title-line-height:var(--h2_typography-line-height);--awb-caption-title-letter-spacing:var(--h2_typography-letter-spacing);\"><span class=\" fusion-imageframe imageframe-none imageframe-4 hover-type-none\"><img decoding=\"async\" width=\"1165\" height=\"39\" title=\"messergabellinie\" src=\"https:\/\/partyservice-esslinger.de\/wp-content\/uploads\/2021\/11\/messergabellinie.jpg\" alt class=\"img-responsive wp-image-143\" srcset=\"https:\/\/partyservice-esslinger.de\/wp-content\/uploads\/2021\/11\/messergabellinie-200x7.jpg 200w, https:\/\/partyservice-esslinger.de\/wp-content\/uploads\/2021\/11\/messergabellinie-400x13.jpg 400w, https:\/\/partyservice-esslinger.de\/wp-content\/uploads\/2021\/11\/messergabellinie-600x20.jpg 600w, https:\/\/partyservice-esslinger.de\/wp-content\/uploads\/2021\/11\/messergabellinie-800x27.jpg 800w, https:\/\/partyservice-esslinger.de\/wp-content\/uploads\/2021\/11\/messergabellinie.jpg 1165w\" sizes=\"(max-width: 640px) 100vw, 1165px\" \/><\/span><\/div><div class=\"fusion-title title fusion-title-5 fusion-sep-none fusion-title-text fusion-title-size-two\" style=\"--awb-text-color:#d0d0d0;--awb-margin-top-small:10px;--awb-margin-right-small:0px;--awb-margin-bottom-small:10px;--awb-margin-left-small:0px;\"><h2 class=\"fusion-title-heading title-heading-left fusion-responsive-typography-calculated\" style=\"margin:0;--fontSize:18;--minFontSize:18;line-height:1.2;\"><p style=\"text-align: center;\">HOCHZEITSBUFFET<\/p><\/h2><\/div><div class=\"fusion-text fusion-text-5\" style=\"--awb-text-transform:none;\"><p style=\"text-align: center;\">Hochzeitssuppe (serviert)<\/p>\n<p style=\"text-align: center;\">Kartoffel-, Karotten-, Kraut-, Bohnen-, Gurkensalat,<br \/>\nItalienischer Nudelsalat, Tomate-Mozzarella,<br \/>\nAntipasti, Melone-Schinken-Platte,<br \/>\nBlattsalat an Joghurt und Kr\u00e4uterdressing, Baguette<\/p>\n<p style=\"text-align: center;\">kleine Partyschnitzel vom Schwein,<br \/>\nSchweinelende mit Kr\u00e4uterkruste,<br \/>\nkleiner Rostbraten, Lachssteak auf Wurzelgemu\u0308se,<br \/>\nBratenso\u00dfe \/ Pfefferrahmso\u00dfe, Sp\u00e4tzle,<br \/>\nRosmarinkartoffeln, Pommes, Kartoffelgratin,<br \/>\nCr\u00eapes gefu\u0308llt mit Schafsk\u00e4se und Blattspinat,<br \/>\nGemu\u0308seauswahl, gebratene Champignons<\/p>\n<p style=\"text-align: center;\">Currywurstgulasch mit Baguette<\/p>\n<p style=\"text-align: center;\">pro Person 45,50 \u20ac<br \/>\ninkl. 2 Servicekraft fu\u0308r das Buffet vor Ort<\/p>\n<\/div><div class=\"fusion-image-element \" style=\"text-align:center;--awb-margin-top:20px;--awb-margin-bottom:20px;--awb-caption-title-font-family:var(--h2_typography-font-family);--awb-caption-title-font-weight:var(--h2_typography-font-weight);--awb-caption-title-font-style:var(--h2_typography-font-style);--awb-caption-title-size:var(--h2_typography-font-size);--awb-caption-title-transform:var(--h2_typography-text-transform);--awb-caption-title-line-height:var(--h2_typography-line-height);--awb-caption-title-letter-spacing:var(--h2_typography-letter-spacing);\"><span class=\" fusion-imageframe imageframe-none imageframe-5 hover-type-none\"><img decoding=\"async\" width=\"1165\" height=\"39\" title=\"messergabellinie\" src=\"https:\/\/partyservice-esslinger.de\/wp-content\/uploads\/2021\/11\/messergabellinie.jpg\" alt class=\"img-responsive wp-image-143\" srcset=\"https:\/\/partyservice-esslinger.de\/wp-content\/uploads\/2021\/11\/messergabellinie-200x7.jpg 200w, https:\/\/partyservice-esslinger.de\/wp-content\/uploads\/2021\/11\/messergabellinie-400x13.jpg 400w, https:\/\/partyservice-esslinger.de\/wp-content\/uploads\/2021\/11\/messergabellinie-600x20.jpg 600w, https:\/\/partyservice-esslinger.de\/wp-content\/uploads\/2021\/11\/messergabellinie-800x27.jpg 800w, https:\/\/partyservice-esslinger.de\/wp-content\/uploads\/2021\/11\/messergabellinie.jpg 1165w\" sizes=\"(max-width: 640px) 100vw, 1165px\" \/><\/span><\/div><div class=\"fusion-title title fusion-title-6 fusion-sep-none fusion-title-text fusion-title-size-two\" style=\"--awb-text-color:#d0d0d0;--awb-margin-top-small:10px;--awb-margin-right-small:0px;--awb-margin-bottom-small:10px;--awb-margin-left-small:0px;\"><h2 class=\"fusion-title-heading title-heading-left fusion-responsive-typography-calculated\" style=\"margin:0;--fontSize:18;--minFontSize:18;line-height:1.2;\"><p style=\"text-align: center;\">FRISCH VOM GRILL VOR ORT<\/p><\/h2><\/div><div class=\"fusion-text fusion-text-6\" style=\"--awb-text-transform:none;\"><p style=\"text-align: center;\"><strong>Salatauswahl:<\/strong><br \/>\nKartoffel-, Nudel-, Kraut-, Karotten-, Gurkensalat,<br \/>\nGriechischer Hirten-Salat, vers. Blattsalate,<br \/>\nAntipasti, zweierlei Dressing<\/p>\n<p style=\"text-align: center;\"><strong>Warmes vom Grill:<\/strong><br \/>\nSchweineru\u0308ckensteak in pikanter Marinade,<br \/>\nArgentinisches Rindersteak in Kr\u00e4uterbutter,<br \/>\nH\u00e4hnchenbrustfilet in Currymarinade, vers. Wu\u0308rstchen,<br \/>\nGrill-K\u00e4se, Grillchampignons, Lachssteak, Riesengarnelen,<br \/>\nGrill-Gemu\u0308sepfanne, Maiskolben, Rosmarinkartoffeln,<br \/>\nvers. Dips und Grillso\u00dfen sowie hausgemachtes Tzatziki,<br \/>\nAjvar, Br\u00f6tchenauswahl<\/p>\n<p style=\"text-align: center;\">pro Person 38,50 \u20ac<br \/>\ninkl. Grillservice vor Ort sowie Grill Auf- und Abbau<\/p>\n<\/div><\/div><\/div><\/div><\/div>\n","protected":false},"excerpt":{"rendered":"","protected":false},"author":1,"featured_media":0,"parent":6,"menu_order":0,"comment_status":"closed","ping_status":"closed","template":"","meta":{"footnotes":""},"class_list":["post-8","page","type-page","status-publish","hentry"],"_links":{"self":[{"href":"https:\/\/partyservice-esslinger.de\/index.php?rest_route=\/wp\/v2\/pages\/8","targetHints":{"allow":["GET"]}}],"collection":[{"href":"https:\/\/partyservice-esslinger.de\/index.php?rest_route=\/wp\/v2\/pages"}],"about":[{"href":"https:\/\/partyservice-esslinger.de\/index.php?rest_route=\/wp\/v2\/types\/page"}],"author":[{"embeddable":true,"href":"https:\/\/partyservice-esslinger.de\/index.php?rest_route=\/wp\/v2\/users\/1"}],"replies":[{"embeddable":true,"href":"https:\/\/partyservice-esslinger.de\/index.php?rest_route=%2Fwp%2Fv2%2Fcomments&post=8"}],"version-history":[{"count":21,"href":"https:\/\/partyservice-esslinger.de\/index.php?rest_route=\/wp\/v2\/pages\/8\/revisions"}],"predecessor-version":[{"id":880,"href":"https:\/\/partyservice-esslinger.de\/index.php?rest_route=\/wp\/v2\/pages\/8\/revisions\/880"}],"up":[{"embeddable":true,"href":"https:\/\/partyservice-esslinger.de\/index.php?rest_route=\/wp\/v2\/pages\/6"}],"wp:attachment":[{"href":"https:\/\/partyservice-esslinger.de\/index.php?rest_route=%2Fwp%2Fv2%2Fmedia&parent=8"}],"curies":[{"name":"wp","href":"https:\/\/api.w.org\/{rel}","templated":true}]}}